se 10, what is 28 - 12?
16
In base 12, what is 5 + -207?
-202
In base 13, what is b3 - 47?
69
In base 9, what is -1 - 2656?
-2657
In base 13, what is 5 - 2c?
-27
In base 2, what is 10 - -11010?
11100
In base 12, what is -89 + -4?
-91
In base 12, what is -18 + -71?
-89
In base 10, what is 8 - -665?
673
In base 15, what is 5 + -52?
-4c
In base 7, what is -2 + -365?
-400
In base 5, what is 1322 - 1?
1321
In base 10, what is -5044 - -4?
-5040
In base 9, what is -1177 + 2?
-1175
In base 3, what is -1110021212 - 10?
-1110021222
In base 16, what is 4 + 13?
17
In base 6, what is -121 - -14?
-103
In base 15, what is -121d - 3?
-1221
In base 5, what is -1 + -2002?
-2003
In base 16, what is 3d - -4?
41
In base 4, what is -11023 + 10?
-11013
In base 14, what is 2 + -1da?
-1d8
In base 14, what is -1 + -17?
-18
In base 6, what is -133 + -33?
-210
In base 13, what is -c5 + 55?
-70
In base 2, what is -10110001001 - 10?
-10110001011
In base 14, what is 6 - d3?
-cb
In base 2, what is 11110101 - -10?
11110111
In base 5, what is -4202 - -42?
-4110
In base 8, what is -11 - 12?
-23
In base 12, what is 355 + -1?
354
In base 11, what is -2483 - 5?
-2488
In base 2, what is -111000101 + 111?
-110111110
In base 9, what is -4 + 15?
11
In base 7, what is 5 + 42?
50
In base 5, what is -10 + -334?
-344
In base 4, what is 11 + 1111010?
1111021
In base 13, what is -5 + 49?
44
In base 10, what is 29 + 1?
30
In base 9, what is -1 - -5?
4
In base 9, what is -2 + -52?
-54
In base 2, what is -11 - 1010110?
-1011001
In base 9, what is -770 + -2?
-772
In base 6, what is 1010 + -5?
1001
In base 14, what is 7614 - -4?
7618
In base 5, what is 41 - 11?
30
In base 13, what is -7c3b - 1?
-7c3c
In base 9, what is -2 + 512?
510
In base 10, what is 38 + -9?
29
In base 6, what is 3 + -35334?
-35331
In base 5, what is -21020 + 4?
-21011
In base 16, what is -11 - 1b?
-2c
In base 4, what is 1133 + 10?
1203
In base 9, what is -54 + 15?
-38
In base 5, what is 2424 + 2?
2431
In base 14, what is 5c2 + -2?
5c0
In base 7, what is 16323 - 2?
16321
In base 7, what is 0 - 106?
-106
In base 14, what is -3 - -c2?
bd
In base 4, what is 1100331 + 3?
1101000
In base 2, what is 10011011101 + 11?
10011100000
In base 7, what is 255 - -1?
256
In base 8, what is 50 - 5?
43
In base 4, what is -1233 + -12?
-1311
In base 8, what is -2 - 21?
-23
In base 10, what is -890 - 0?
-890
In base 10, what is 9 + 12?
21
In base 3, what is -211 + -112?
-1100
In base 6, what is -50 + -1201?
-1251
In base 7, what is -2 - -10?
5
In base 11, what is -1 + -128?
-129
In base 14, what is 10 + ba?
ca
In base 16, what is -4 + -2126?
-212a
In base 12, what is 16 + b?
25
In base 12, what is -5 + 60b?
606
In base 16, what is -59 - 36?
-8f
In base 14, what is -d + -90?
-9d
In base 7, what is 4 + 1411?
1415
In base 11, what is 94 - -1?
95
In base 13, what is 6b0 - 4?
6a9
In base 14, what is 0 + 206?
206
In base 12, what is 3 + -98?
-95
In base 14, what is 56 + 0?
56
In base 4, what is 3 + -331?
-322
In base 11, what is 1739 + 5?
1743
In base 7, what is 6 - 326?
-320
In base 5, what is -33 + -3404?
-3442
In base 4, what is 12223 - 20?
12203
In base 12, what is 1 - -361?
362
In base 8, what is 130 - -6?
136
In base 9, what is -32 - -10?
-22
In base 12, what is -99 + -5b?
-138
In base 16, what is -44c - -3?
-449
In base 15, what is 113 - 2?
111
In base 13, what is -4 - -859?
855
In base 10, what is -81 + 12?
-69
In base 13, what is 5b + 23b?
299
In base 2, what is 111 + -101010?
-100011
In base 14, what is -111 + -4?
-115
In base 15, what is -92 + 1?
-91
In base 10, what is -20 - 165?
-185
In base 3, what is 1020 + -22001?
-20211
In base 16, what is 2 - -3c?
3e
In base 12, what is 7a + -3?
77
In base 12, what is 76 + 50?
106
In base 15, what is 24 - -1de?
213
In base 10, what is -1 - 45?
-46
In base 10, what is 11 + 17?
28
In base 11, what is -4 - 30?
-34
In base 13, what is 3b6 + -1?
3b5
In base 15, what is -283 + 5?
-27d
In base 2, what is -101011100 - 101?
-101100001
In base 3, what is -12 - -11?
-1
In base 2, what is -1010101101 + 11?
-1010101010
In base 7, what is -11046 - -10?
-11036
In base 16, what is -5 - -40?
3b
In base 14, what is 14 - 84?
-70
In base 6, what is -5 + -1131?
-1140
In base 3, what is 22 + -100?
-1
In base 14, what is a84 + 0?
a84
In base 9, what is 4 + -138?
-134
In base 10, what is -2 - -3?
1
In base 12, what is 17 - -28?
43
In base 16, what is f - 2a5?
-296
In base 9, what is 151 + -1?
150
In base 15, what is -1e8 - -6?
-1e2
In base 13, what is 199b + -3?
1998
In base 3, what is -1011210 + -12?
-1011222
In base 13, what is -291 + 4?
-28a
In base 12, what is -a - 13?
-21
In base 4, what is 101 + -1?
100
In base 12, what is 11 - -16?
27
In base 2, what is -1101 - 11011?
-101000
In base 3, what is 20200102 + 11?
20200120
In base 4, what is 3 + -111332?
-111323
In base 12, what is 2 + 49?
4b
In base 14, what is -1 + -344?
-345
In base 16, what is -4863 - -1?
-4862
In base 2, what is -1011111110010 - -10?
-1011111110000
In base 15, what is 1a + -7?
13
In base 9, what is -614 + -2?
-616
In base 4, what is 0 - 1?
-1
In base 13, what is 2 + -37?
-35
In base 13, what is 365 - -24?
389
In base 8, what is -3 - -124?
121
In base 14, what is -1a0 + 0?
-1a0
In base 7, what is -1063 + 5?
-1055
In base 10, what is -4 + 257?
253
In base 16, what is -5 - -42?
3d
In base 15, what is 2 + -63?
-61
In base 4, what is -12033 + -12?
-12111
In base 10, what is 2 - -1240?
1242
In base 14, what is -4a - 3?
-4d
In base 16, what is 0 + 40?
40
In base 13, what is -2 - 17?
-19
In base 7, what is -562 + -2?
-564
In base 6, what is -13014 - 1?
-13015
In base 16, what is b3 - -34?
e7
In base 7, what is 0 + 2515?
2515
In base 9, what is -5 + -1603?
-1608
In base 14, what is -1c - 14?
-32
In base 5, what is 32 + 101?
133
In base 5, what is 1411213 + 1?
1411214
In base 16, what is -477 + -2?
-479
In base 3, what is -10 + 200020?
200010
In base 6, what is 5111 - 20?
5051
In base 4, what is -2 - 2112?
-2120
In base 15, what is -12c + -9?
-136
In base 3, what is -2002 + 1100?
-202
In base 13, what is 7 + 1b1?
1b8
In base 7, what is 2335 + 5?
2343
In base 4, what is 11 - 1021?
-1010
In base 2, what is 10001011 - -11?
10001110
In base 15, what is -2 - 256?
-258
In base 14, what is 1c - -100?
11c
In base 6, what is -5333 + 1?
-5332
In base 12, what is 28b + 0?
28b
In base 14, what is 7 - -6?
d
In base 5, what is -1400 + -2?
-1402
In base 13, what is -2 - -20?
1b
In base 4, what is -13 + 121?
102
In base 5, what is 1043 - -10?
1103
In base 16, what is -602 + -1?
-603
In base 15, what is -1 + 35?
34
In base 16, what is 1df4 - -1?
1df5
In base 7, what is 4642 + 1?
4643
In base 8, what is -70 - 4?
-74
In base 10, what is 138 - 3?
135
In base 14, what is -4 + -c9?
-cd
In base 10, what is 237 - 64?
173
In base 13, what is -1 - -ac?
ab
In base 16, what is -1 + 8a?
89
In base 12, what is -a - 10?
-1a
In base 13, what is -111 + -5?
-116
In base 8, what is -13 - 35?
-50
In base 9, what is 6 + 0?
6
In base 4, what is 233301 - -10?
233311
In base 13, what is 2 + -4?
-2
In base 14, what is 0 - -73?
73
In base 15, what is -3 + 39?
36
In base 11, what is -1 + -1975?
-1976
In base 13, what is 53 + -7?
49
In base 7, what is 5340 + -5?
5332
In base 12, what is -12 + -30a?
-320
In base 4, what is 11 + -2303?
-2232
In base 3, what is -120 - 10?
-200
In base 3, what is -210020 - -10?
-210010
In base 6, what is 20130 + 1?
20131
In base 5, what is 4000 - -14?
4014
In base 8, what is 1114 + -5?
1107
In base 8, what is 2 - 30?
-26
In base 14, what is 5c - -29?
87
In base 10, what is -5231 - 3?
-5234
In base 9, what is -1180 - 8?
-1188
In base 6, what is 4 - -42412?
42420
In base 16, what is -2 - -622?
620
In base 8, what is 10 - 12?
-2
In base 16, what is 6 - -38a?
390
In base 15, what is 7 + 15dc?
15e4
In base 3, what is 1002 - -11?
1020
In base 6, what is 12 + -22?
-10
In base 3, what is -12 - 0?
-12
In base 14, what is 256d - 5?
2568
In base 11, what is 97 - -4?
a0
In base 8, what is -4 + -170?
-174
In base 12, what is -92b - 1?
-930
In base 7, what is -362 + 1?
-361
In base 14, what is -2 + -bd6?
-bd8
In base 6, what is -3 - -344?
341
In base 11, what is 3 - 981?
-979
In base 4, what is 3 + 10320?
10323
In base 9, what is -5 + -1036?
-1042
In base 4, what is 21322 - -11?
2133